(l) = -40*l**2 - 12*l - 12. Calculate w(-2).
-148
Let q(b) = b**3 + 11*b**2 + 27*b + 194. Determine q(-10).
24
Let d(t) = -t**3 + 7*t**2 - 448*t + 3651. Determine d(8).
3
Let t(y) = -2*y**2 + 41*y - 197. What is t(24)?
-365
Let t(u) = -u**3 - 27*u**2 - 253*u - 2675. What is t(-21)?
-8
Let a(b) = -492*b - 1359. Determine a(-3).
117
Let v(r) = -163*r**2 + 5*r - 4. Give v(1).
-162
Let k(p) = -203*p - 676. What is k(-4)?
136
Let a(r) = r**2 + 752*r + 8882. Calculate a(-12).
2
Let r(x) = 16*x - 97. Give r(7).
15
Let q(u) = u**3 + 11*u**2 + 3*u + 78. Give q(-9).
213
Let n(k) = -k**3 + 276*k**2 + 1129*k - 2526. Calculate n(280).
-6
Let c(t) = -3*t - 42. Calculate c(-15).
3
Let v(d) = -2*d**3 - 10*d**2 + 8*d - 129. Determine v(-7).
11
Let k(v) = v**3 - v**2 - 106*v + 215. Give k(2).
7
Let a(b) = 7*b + 88. What is a(-12)?
4
Let b(q) = 2*q**3 + 3*q**2 - 3*q + 9. Calculate b(-4).
-59
Let o(t) = t**3 + 3*t**2 + 5*t + 33. Calculate o(-3).
18
Let c(j) = 9*j**2 + 26*j + 39. Give c(-3).
42
Let o(w) = 3*w**2 + 94*w + 153. Give o(-32).
217
Let f(y) = 36*y + 1361. Calculate f(-38).
-7
Let o(c) = c**3 - 63*c**2 - 62*c + 203. Calculate o(64).
331
Let t(h) = -57*h + 3428. Calculate t(58).
122
Let v(x) = -x**3 + 5*x**2 - 11*x + 35. Determine v(8).
-245
Let p(z) = 28*z - 1058. Calculate p(24).
-386
Let o(g) = g**2 - 103*g - 206. Calculate o(105).
4
Let v(z) = -43*z + 164. Give v(4).
-8
Let w(s) = 83*s - 895. Determine w(12).
101
Let q(p) = -p**3 - 14*p**2 + 16*p - 35. Calculate q(-16).
221
Let l(k) = 648*k - 3895. Calculate l(6).
-7
Let f(r) = 9*r**2 + 35*r + 106. Determine f(-3).
82
Let c(y) = 3*y**2 + 4*y - 178. What is c(-12)?
206
Let a(v) = 150*v + 1619. Calculate a(-12).
-181
Let h(r) = r**3 + 6*r**2 + 10*r + 50. Determine h(-8).
-158
Let h(x) = 2*x**3 + 24*x**2 - 8*x - 102. What is h(-12)?
-6
Let v(d) = -9*d**3 + 8*d**2 - 19*d + 44. Calculate v(4).
-480
Let d(b) = -280*b + 19332. Give d(69).
12
Let q(f) = -f**2 - 14*f + 160. Determine q(-19).
65
Let j(u) = -u**2 + 6325*u + 76040. Calculate j(-12).
-4
Let r(y) = -y**3 - 71*y**2 + 75*y + 288. Determine r(-72).
72
Let s(a) = -a**2 - 112*a + 469. Give s(-116).
5
Let w(x) = 873*x - 1747. Calculate w(2).
-1
Let f(y) = -y**3 - y**2 + 169*y + 817. Determine f(-7).
-72
Let q(n) = 11*n - 45. Give q(19).
164
Let t(f) = f**3 + 66*f**2 + 236*f - 768. Give t(-62).
-24
Let n(w) = -w**2 + 158*w + 473. Give n(161).
-10
Let f(j) = -4*j**3 - 41*j**2 + 9*j + 202. What is f(-10)?
12
Let k(v) = 3*v**2 + 44*v - 17. What is k(-16)?
47
Let u(p) = -229*p**2 - 1149*p - 14. Calculate u(-5).
6
Let h(y) = -y**2 - 8*y - 15. Calculate h(-10).
-35
Let d(o) = -o**3 - 11*o**2 + 5*o - 43. Determine d(-13).
230
Let t(v) = v**3 - 11*v**2 + 25*v - 119. Give t(7).
-140
Let s(o) = o**3 - 19*o**2 - 29*o - 264. Calculate s(21).
9
Let k(j) = -78*j - 3982. Determine k(-51).
-4
Let h(k) = k**3 - 12*k**2 + 151*k - 1193. Determine h(9).
-77
Let i(b) = 2*b**3 - 14*b**2 - 123*b + 891. Give i(7).
30
Let t(k) = -k**3 + k**2 + 62*k - 41. Give t(8).
7
Let c(o) = 362*o - 3612. Give c(10).
8
Let h(y) = -99*y - 1636. What is h(-16)?
-52
Let l(g) = g**3 - 12*g**2 - 11*g + 84. What is l(11)?
-158
Let k(c) = -2*c**2 + 370*c + 120705. Give k(355).
5
Let a(d) = 88*d - 2816. Determine a(32).
0
Let a(x) = -x**3 - 10*x**2 - 7*x - 19. Calculate a(-9).
-37
Let s(n) = -n**3 - 42*n**2 - 137*n - 778. Calculate s(-39).
2
Let u(v) = -192*v - 6526. What is u(-34)?
2
Let n(l) = 2013*l + 12073. Give n(-6).
-5
Let h(d) = -22*d + 442. What is h(21)?
-20
Let h(a) = -a**2 - 8*a + 81. Give h(-14).
-3
Let t(j) = 35*j + 1128. What is t(-33)?
-27
Let a(g) = 4948*g - 39580. What is a(8)?
4
Let x(i) = 207*i - 4558. What is x(22)?
-4
Let y(j) = 3*j**2 + 17*j - 138. Give y(-11).
38
Let m(s) = -s**3 - 41*s**2 - 77*s - 1480. Give m(-40).
0
Let b(m) = -2*m**3 - 70*m**2 - 19*m - 673. What is b(-35)?
-8
Let t(w) = 10*w**2 + 230*w + 5. Calculate t(-23).
5
Let r(n) = -2*n**2 - 30*n + 325. Determine r(7).
17
Let k(x) = -x**2 + 9*x - 47. What is k(6)?
-29
Let p(q) = 46*q**2 - 166*q - 9. Calculate p(6).
651
Let g(w) = -346*w**2 + 2065*w + 23. Give g(6).
-43
Let g(d) = 9*d**2 - 35*d - 173. Give g(8).
123
Let i(u) = -76*u + 237. What is i(3)?
9
Let h(o) = o**3 - 26*o**2 + 41*o - 445. Determine h(25).
-45
Let n(a) = -2*a**3 - 12*a**2 - 4. What is n(-5)?
-54
Let u(s) = -5*s**3 - 2*s**2 + 3*s + 15. Give u(-2).
41
Let p(y) = 272*y - 15232. Calculate p(56).
0
Let b(v) = -v**3 - 5*v**2 + 61*v - 32. What is b(7)?
-193
Let j(t) = -7*t**2 + 195*t - 361. Give j(2).
1
Let i(n) = -n**3 + 92*n**2 + 190*n - 178. Determine i(94).
10
Let d(m) = -10*m - 228. What is d(-9)?
-138
Let h(j) = 3*j**3 + 31*j**2 + 67*j - 22. What is h(-7)?
-1
Let g(z) = -2*z**2 - 244*z - 2841. Determine g(-109).
-7
Let c(p) = p**3 - 53*p**2 - 54*p + 7941. What is c(51)?
-15
Let n(d) = -7*d**2 - 463*d - 71. What is n(-66)?
-5
Let t(g) = 349*g + 3471. Give t(-10).
-19
Let p(x) = -2*x**3 + 138*x**2 + 60*x + 5588. What is p(70)?
-12
Let r(f) = -f**3 + 33*f**2 + 778*f + 290. What is r(49)?
-4
Let q(p) = p**3 - 32*p**2 + 21*p - 184. Determine q(31).
-494
Let l(d) = -d**2 - 16*d + 50. Give l(-23).
-111
Let l(g) = 7*g**2 + 97*g + 162. What is l(-2)?
-4
Let i(w) = -19*w + 4205. Determine i(220).
25
Let d(w) = 235*w + 2566. Determine d(-11).
-19
Let o(r) = -r**3 - 5*r**2 - 124*r - 737. Calculate o(-6).
43
Let f(p) = 710*p - 4248. Determine f(6).
12
Let h(t) = 96*t + 1903. What is h(-20)?
-17
Let y(a) = -6*a + 117. What is y(26)?
-39
Let a(f) = -3*f**2 + 62*f + 319. What is a(-5)?
-66
Let o(n) = 24*n**2 + 1440*n - 7. What is o(-60)?
-7
Let l(b) = b**3 - 9*b**2 + 21*b - 42. Give l(7).
7
Let r(u) = u**3 + 3*u**2 - 11*u + 26. Determine r(0).
26
Let w(z) = -83*z + 322. What is w(4)?
-10
Let k(a) = -1463*a - 62900. What is k(-43)?
9
Let g(n) = n**3 - 29*n**2 + 212*n - 16. Calculate g(13).
36
Let u(m) = 18*m - 738. Determine u(49).
144
Let t(u) = 2*u**3 + 40*u**2 + 205*u + 44. Determine t(-10).
-6
Let y(g) = 2*g**2 + 17*g + 14. Calculate y(0).
14
Let g(i) = -i**3 - 6*i**2 + 27*i + 71. Calculate g(-4).
-69
Let k(d) = -39*d**2 + 74*d + 7. Calculate k(3).
-122
Let f(p) = -218*p**2 - 3*p + 6. Calculate f(0).
6
Let g(z) = -12130*z + 97045. What is g(8)?
5
Let g(v) = 2*v**2 + 109*v + 1472. What is g(-30)?
2
Let p(u) = 7*u**3 + u**2 - u + 1. Determine p(2).
59
Let u(i) = i**2 + 8*i - 30. Give u(6).
54
Let j(f) = -3*f**2 - 129*f + 206. What is j(-40)?
566
Let w(j) = -j**2 - 317*j - 8868. What is w(-31)?
-2
Let r(v) = 6056*v - 18175. Determine r(3).
-7
Let m(n) = 34*n**2 + 233*n - 32. What is m(-7)?
3
Let l(z) = 16*z**2 - 652*z + 30. What is l(40)?
-450
Let v(x) = 79*x**2 - 1533*x - 1532. Determine v(-1).
80
Let q(d) = 17*d - 321. Give q(21).
36
Let v(u) = -u**3 + u**2 - 58*u + 2. Calculate v(0).
2
Let i(o) = -o**3 - o**2 - 9*o - 8. Give i(-4).
76
Let u(p) = 2*p**2 - 297*p + 4894. Give u(18).
196
Let k(s) = 10*s**3 + 2851*s**2 + 295*s + 2850. Determine k(-285).
0
Let n(h) = -207*h**2 + 608*h + 6. Calculate n(3).
-33
Let o(t) = 11*t + 601. Determine o(-42).
139
Let i(f) = f**3 - 16*f**2 + 4*f + 136. What is i(15)?
-29
Let v(l) = -2*l**3 - 95*l**2 + 72*l + 1139. Determine v(-48).
-13
Let b(v) = -11*v**3 - 29*v**2 + 37*v - 87. What is b(-4)?
5
Let x(s) = 31*s + 1188. What is x(-26)?
382
Let k(q) = 304*q - 5805. Calculate k(19).
-29
Let r(z) = -32*z**3 - 5*z**2 - 13*z - 16. Give r(-2).
246
Let i(f) = f**2 - 20*f - 248. Calculate i(0).
-248
Let t(y) = 12*y**2 + 17*y - 1. Give t(4).
259
Let j(a) = a**2 - 163*a + 1394. Calculate j(9).
8
Let k(z) = -z**2 - z - 15. Give k(-14).
-197
Let p(g) = -g**2 - 300*g - 4810. What is p(-17)?
1
Let p(n) = 3*n**2 - 15*n - 35. Calculate p(-2).
7
Let p(l) = 5*l**2 + 61*l + 100. Determine p(-2).
-2
Let v(s) = 2*s**3 + 4*s**2 - 3*s + 5. What is v(-5)?
-130
Let i(k) = k**3 - 6*k**2 - 39*k - 51. Determine i(10).
-41
Let r(z) = -z**3 + 2*z**2 + 272*z - 1277. Determine r(5).
8
Let i(u) = -566*u - 8541. Give i(-15).
-51
Let y(o) = 12*o + 447. Calculate y(-37).
3
Let g(o) = o**3 + 74*o**2 + 795*o + 24. Determine g(-13).
-2
Let r(h) = -11*h**2 - 891*h + 82. What is r(-81)?
82
Let a(v) = -303*v - 1180. Determine a(-4).
32
Let i(g) = g**3 - 9*g**2 + 33*g - 19. Determine i(7).
114
Let s(x) = x**3 + 13*x**2 - 87*x + 51. Calculate s(-18).
-3
Let r(f) = -f*